*i + 383485. Is j prime?
True
Suppose -3*h + 1010 = 224. Let v = h - 129. Is v prime?
False
Let i(b) = -b**3 + 26*b**2 - 6*b - 41. Let j be i(28). Let r = 3594 - j. Is r a prime number?
False
Let t(p) be the second derivative of 16*p**3/3 - 103*p**2/2 + 4*p - 9. Is t(31) a composite number?
True
Let m(b) = -b**3 + 9*b**2 + 4*b - 23. Let g be m(10). Let d = g - -86. Is 3/6*3*1028/d prime?
False
Suppose -33 = 20*k + 7. Is 8381 - ((1 - 5) + k) a composite number?
False
Let a be 39/26*(-16)/(-3). Suppose a*k - 3614 = 48138. Is k a composite number?
False
Let y(a) = -7793*a + 594. Is y(-19) prime?
False
Suppose 82815 = 3*p - 2*z - 177026, 0 = 3*z + 12. Is p a composite number?
True
Let m = 17 + -11. Suppose -16268 = 4*d - 2*n, 0 = -11*d + m*d + 2*n - 20336. Let l = d + 7205. Is l a prime number?
True
Suppose 37 = 2*y - 73. Let f(z) = -23*z**2 + 5 - 20*z**2 + y*z**2 - 8*z. Is f(6) a prime number?
True
Suppose 0*w + 1660 = -4*w. Let g be (942/5)/((-9)/(-30)). Let b = g + w. Is b prime?
False
Let g(k) = k**3 - 7*k**2 - 7*k - 5. Let f be g(8). Let i be (-38*f)/((-12)/(-72)). Let p = -389 - i. Is p a composite number?
True
Suppose -11*j + 325785 - 10250 = 0. Is j a prime number?
False
Suppose 3*p + 4*h - 340903 = 0, 0 = -4*h - 0*h + 4. Is p composite?
True
Let w(c) = 64*c**3 - c**2 - 12*c - 1. Let l(q) = -194*q**3 + 4*q**2 + 37*q + 2. Let j(i) = -2*l(i) - 7*w(i). Is j(-4) a composite number?
True
Let u be (-2 - 66/(-24))*932. Suppose v + 142 = u. Is v a prime number?
True
Suppose 0 = -i + 3*i - 10. Let d(c) = -9*c - 96. Let g be d(-11). Suppose 8*k - g*k + i*w - 5340 = 0, 4*k - 4*w - 4312 = 0. Is k a composite number?
True
Suppose -k = -19*k + 3622080 + 370446. Is k a composite number?
False
Let p(y) = 534*y**2 - 44*y + 309. Is p(7) a composite number?
True
Suppose l + 55089 = 2*s - 108211, 3*l - 979746 = -12*s. Is s composite?
False
Suppose -1960*c - 640758 = -1966*c. Is c a composite number?
True
Let s be (77/(-33) - (-4)/6)*-3. Suppose -4*b = -3*x - 0*b + 7849, -s*b = x - 2648. Is x a composite number?
True
Is ((-392)/(-350))/(-14) + (-880977)/(-25) prime?
False
Let r(p) = 223*p**2 + 26*p + 7. Is r(6) composite?
False
Is 23710005/(-513)*(-3)/5 prime?
False
Let n(u) be the first derivative of -u**2 - 1/3*u**3 + 1923*u + 27. Is n(0) a prime number?
False
Suppose -3*y - 4*q + 1028631 = 159104, 0 = 4*y + 2*q - 1159356. Is y a prime number?
True
Suppose -3*i + 0*i - 16218 = -2*c, -c = 3*i - 8127. Let h = c + -1249. Is h composite?
True
Is (-1 - 35)*(-6699)/14 - -7 a prime number?
False
Suppose -4*f + 26163 = -35901. Suppose -s + 2*r = -3873, -4*s - 28*r + 24*r = -f. Is s prime?
True
Let x(j) = -785*j**3 - j**2. Suppose 0 = p - 0*r + r + 3, 4*p = -2*r - 8. Let d be x(p). Suppose 5*a + 134 = m, 4*m = a - 191 + d. Is m prime?
True
Suppose -10*a - 8 = -8. Suppose 29*u - 104998 + 24465 = a. Is u prime?
True
Is ((-3396)/36*-2)/((-2)/(-249)) composite?
True
Let y = 1121880 - 783349. Is y a prime number?
True
Is (-4054324)/(-20) - (87/(-15) - -5) a composite number?
False
Let y = 21321 + 28952. Is y composite?
False
Let d = -6 + 7. Let h be (-2)/7 + 8/((-168)/6231). Let r = d - h. Is r a composite number?
True
Is (-1453995)/(-18) + 3/(-6) prime?
True
Suppose -4*j - 29*j + 17303554 = 1177873. Is j composite?
True
Suppose 5*u + 9 = 4*u - 2*s, u = -3*s - 12. Is ((-29256)/(-6) - u) + (-8 - -3) composite?
True
Let y = -379073 + 828870. Is y composite?
False
Let o(t) = -82*t**3 + 55*t**2 + 747*t + 17. Is o(-16) prime?
True
Let o(q) = 4741*q**2 - q - 61. Is o(-3) a composite number?
False
Let x(j) be the third derivative of -119*j**4/4 - 128*j**3/3 - 63*j**2 + j. Is x(-5) composite?
True
Suppose -3894 - 37710 = -12*x. Suppose m = g - 860, -9*g - 5*m + x = -5*g. Is g prime?
True
Let v be (-5723)/(-3) + 20/(-12). Suppose -2*d + 10095 - 450 = 5*s, 5*d - v = -s. Is s a prime number?
True
Suppose -46*t + 600 = -21*t. Suppose t*h + 2147 = 118235. Is h a prime number?
False
Let w be (2/4)/((-1)/38)*-1. Suppose 2*z = 5*o - 9 - 12, 3*z + w = 5*o. Suppose 5*v = 3*g + 14732, -3*v - 5892 = -o*v + 2*g. Is v a prime number?
False
Let u(i) = 17*i - 125. Let l be u(8). Let r be 23/3 + 2/6. Suppose l*j = r*j + 3783. Is j prime?
False
Let g(n) be the third derivative of -337*n**4/24 - 47*n**3/6 + 86*n**2 - 1. Is g(-8) composite?
True
Let h(u) be the second derivative of -27*u + 0 + 1/6*u**3 + 1/4*u**5 - 1/4*u**4 - 7*u**2. Is h(7) composite?
True
Suppose 3 = 3*s, 4*v - 6*s - 16 = -2*s. Suppose -5*g + 4*n + 32605 = 9*n, -n = -v*g + 32605. Is g prime?
True
Let a be (-4 - (-70)/25)/(21/(-70)). Suppose -t - 15175 = -a*s, -s + 3781 = 16*t - 12*t. Is s a prime number?
True
Let z be (14 + -2)*(-2)/(-6). Let c(b) = -z*b**2 + b - b**3 + 40 + b - 34 + 8*b. Is c(-9) a prime number?
False
Let f(k) = 4*k - 12 + 1 + 928*k. Is f(1) composite?
True
Suppose l - 2 = -p + 2, -p - 4*l + 10 = 0. Let d be (-3)/((-90)/366) + p/(-10). Suppose -526 = 10*n - d*n. Is n a prime number?
True
Let b(f) = -f**3 - 3*f**2 + 2*f + 2. Let r be b(0). Suppose 3*x - r*s = 1406, 5*s = 9 - 29. Is x composite?
True
Suppose -10 = -4*i + 3*i. Let m be (295/i - 4)*10. Is -3 + m/12 + (-9)/(-12) a prime number?
True
Let r be 5/2*72/90. Let q be 4/((-12)/(-3))*r. Suppose q*l - 1093 = -399. Is l composite?
False
Let s be -1 + 3/3 + 4*-51. Let v = 297 + s. Suppose n - 226 = v. Is n prime?
False
Suppose 2 = -2*a, 1062465 = 5*u + 2*a - 1640178. Is u a composite number?
True
Let q be 9 + 8 + -6 - (-2 - -7). Is q*(3 + 202) - -4 prime?
False
Suppose -1 = 2*z + 3. Let i be -3 + (z - 16/(-4)). Is i*-1*2*10735/38 a composite number?
True
Let t = -3443 + 21672. Is t composite?
False
Let h(z) = -z**2 - 9*z - 14. Let x be h(-6). Let c(a) = -105*a**2 - 7. Let w be c(x). Let d = w + 2366. Is d prime?
False
Suppose -22*g + 300 = -17*g. Is (-11595)/(-7) + (-8 - g/(-7)) prime?
True
Let p(v) = 118*v**2 + 7*v - 18. Let s(j) = 2*j - 3. Let m be s(-1). Is p(m) composite?
False
Suppose 0 = -4*g - s + 236, -7*g + 11*g + 5*s = 236. Suppose -10216 = -4*o + 4*r, g*r + 7662 = 3*o + 54*r. Is o a composite number?
True
Suppose -3*l + 4*n + 384855 = 0, -14*l = -17*l - n + 384840. Is l a composite number?
True
Suppose -4*i + 206469 = -0*i + c, 3*i - 154852 = -c. Is i composite?
True
Suppose 56235 = -4*c + 5*r + 361924, 0 = 4*c - r - 305685. Is c composite?
False
Let p be ((-10)/(-4))/(10 - 11)*4. Let g(k) = 19*k**2 - 18*k - 33. Is g(p) a prime number?
False
Let p = -12 - -14. Let t(c) = -2*c + 2241*c**p + 4*c + 1 - c. Is t(1) prime?
True
Is -5*(-2)/(-30)*(3 + -2411010) a composite number?
False
Let u(x) be the third derivative of -x**5/60 - 17*x**4/24 + 13*x**3/6 + 2*x**2. Suppose -58*a + 204 = -70*a. Is u(a) prime?
True
Let w(k) = -2614*k + 245. Is w(-17) a composite number?
False
Let u be (1*-3)/(6/(-52)). Let q be (1*u)/(13/52). Let h = q - 46. Is h a composite number?
True
Let k = 25 - 24. Let q be 445/1*(4 - 3). Is (9/(-6))/(q/446 - k) composite?
True
Let w = -105 + 112. Let o(s) = -s**3 - 3*s**2 - s + 12. Let j be o(w). Is (0 - j)*(-221)/(-65) composite?
True
Suppose -16*m = -11*m. Suppose 2*a - 407 - 351 = m. Is a composite?
False
Let o(p) = 83*p**2 - 3*p - 19. Is o(10) a prime number?
False
Let a(x) = -207*x**3 + x**2 - 63*x + 218. Is a(-9) a composite number?
False
Is -6 + (17845495/(-5))/(-17) a prime number?
False
Let k be (-2)/((-2)/(-3) - 32/24). Suppose 0 = -2*z - j + 94 + 3517, 0 = k*z + 3*j - 5412. Is z a composite number?
True
Let h(b) = -b - 4. Let p be h(4). Let r be (p - -5)*232*3/(-9). Suppose 8*z - 4*z - r = 0. Is z composite?
True
Suppose -8*p + 2*a + 71129 = -3*p, 3*p + 2*a = 42671. Suppose 0 = -3*i + 4*k + 14221, -2*i + 5*i - 5*k = p. Is i composite?
True
Suppose -15 = -d + 5*r, 9 = -2*d - 5*r + 2*r. Is 6 + -11 + 3 + (d - -2779) prime?
True
Let z(q) = q**2 - 29*q + 56. Let v be z(27). Let b(x) = 6580*x**2 - 5*x - 1. Is b(v) a prime number?
True
Let y be 10/25 - 24/(-15) - 72. Let w = y + 80. Suppose w*c - 7*c - 2391 = 0. Is c composite?
False
Let l(a) = a**3 - 7*a**2 + 3*a + 9. Let v = 21 - 14. Let y be l(v). Is ((-285)/y)/(1/(-34)) a prime number?
False
Let r(m) = -323*m**3 + 36*m**2 + 46*m - 4. Is r(-15) prime?
False
Suppose -h = 4*z - 117910 + 24645, -186554 = -2*h - 2*z. Is h composite?
False
Let y(b) = 10*b**2 + 13*b - 552. Is y(31)